, what is 4 - 7d81c?
-7d818
In base 9, what is -7478 - 146?
-7635
In base 9, what is -2611 - -5?
-2605
In base 5, what is -22241 - -4232?
-13004
In base 6, what is 10142000 - 1?
10141555
In base 9, what is -286201 - 1?
-286202
In base 14, what is 52715 - 5?
52710
In base 11, what is 3 + -39767?
-39764
In base 2, what is -11101101001100 - -100011?
-11101100101001
In base 11, what is -239456 - 2?
-239458
In base 12, what is -1b2 + -165?
-357
In base 14, what is 77bd0 + 2?
77bd2
In base 12, what is -12089 - b?
-12098
In base 2, what is -11111110001100 + 1000?
-11111110000100
In base 9, what is -31743 + -2?
-31745
In base 2, what is 101 - 10110001110101001001?
-10110001110101000100
In base 3, what is 1212021000212 + 10?
1212021000222
In base 12, what is -11 + a81?
a70
In base 3, what is -1111 + -21?
-1202
In base 2, what is 100110000100000000 + -1?
100110000011111111
In base 6, what is 0 + -51250?
-51250
In base 9, what is 203161 + 3?
203164
In base 15, what is -b4 + -a0?
-164
In base 11, what is -1437 - 5?
-1441
In base 6, what is -122413540 - -2?
-122413534
In base 9, what is -105 - 7274?
-7380
In base 11, what is -816a + -158?
-8317
In base 16, what is 74 - 17?
5d
In base 16, what is -b - -e48?
e3d
In base 3, what is 1 - 20220211011?
-20220211010
In base 7, what is 0 - -3156012?
3156012
In base 10, what is -106 + -2388?
-2494
In base 13, what is 46a - -59c?
a39
In base 6, what is -4012133 - 4?
-4012141
In base 3, what is -10 - -101110202?
101110122
In base 5, what is 201024 - 12?
201012
In base 12, what is -1b9261 - -5?
-1b9258
In base 2, what is 110 + -11000000100?
-10111111110
In base 4, what is 32112 - -112?
32230
In base 13, what is 50197 + -6?
50191
In base 15, what is -14d + 1ee?
a1
In base 15, what is 38a + 57?
3e2
In base 11, what is 1299a - -16?
12a05
In base 5, what is -2413 - -111041?
103123
In base 16, what is -2 - e3253?
-e3255
In base 2, what is 1001011101001000011 + 11?
1001011101001000110
In base 5, what is 30014002 - 1?
30014001
In base 12, what is -1 - -14081?
14080
In base 4, what is 2003231 + 131?
2010022
In base 6, what is 13215511 - 5?
13215502
In base 14, what is 3319 + -1?
3318
In base 3, what is -2012210102 - 12?
-2012210121
In base 3, what is -10102220 + 12101?
-10020112
In base 16, what is -11927 + 19?
-1190e
In base 9, what is -15402 + -7?
-15410
In base 8, what is -57674 + 6?
-57666
In base 14, what is b + -4696?
-4689
In base 4, what is 13213 + -111001?
-31122
In base 11, what is -13 - -151a6?
15193
In base 9, what is -24 + 53808?
53774
In base 10, what is -12729 + -49?
-12778
In base 7, what is -36542 + 0?
-36542
In base 10, what is 123400 - -2?
123402
In base 4, what is 212203022 + -10?
212203012
In base 4, what is 12223223 + 1030?
12230313
In base 14, what is a5 - 144?
-7d
In base 10, what is -22 + -165?
-187
In base 15, what is -2 - -63d8?
63d6
In base 12, what is -105a + -6a?
-1108
In base 14, what is 7 + 223?
22a
In base 14, what is -24 - 9b8?
-9dc
In base 14, what is -30 + 62bd?
628d
In base 16, what is -1d51f - 3?
-1d522
In base 15, what is -6b2b - -5?
-6b26
In base 6, what is 111 - 10554?
-10443
In base 4, what is -1013120 + -21?
-1013201
In base 12, what is -1b4b - 11?
-1b60
In base 14, what is -29 - -577?
54c
In base 12, what is 0 + 2978?
2978
In base 9, what is -126 - 2047?
-2174
In base 9, what is -22358 - -6?
-22352
In base 5, what is -33010 - -340?
-32120
In base 12, what is -21 - 3087?
-30a8
In base 4, what is 10103212 + 3321?
10113133
In base 14, what is -67 + 57?
-10
In base 2, what is -1001000010111 + 0?
-1001000010111
In base 2, what is 110001101 + -10101110110?
-1111101001
In base 10, what is 554151 + 0?
554151
In base 7, what is 135131 - -3?
135134
In base 3, what is 12 - -1?
20
In base 4, what is 311031100 - 10?
311031030
In base 6, what is -1310 - 114?
-1424
In base 10, what is -641 - -18?
-623
In base 13, what is 6 - -3c89?
3c92
In base 5, what is -30 + -311421?
-312001
In base 5, what is -24242122 + 4?
-24242113
In base 15, what is -4 + -13b9?
-13bd
In base 6, what is -1 + -2132054?
-2132055
In base 3, what is -21011010 + 10?
-21011000
In base 15, what is -a75 - 2c?
-aa2
In base 9, what is 871 - -5484?
6465
In base 16, what is 95 - -2?
97
In base 15, what is 45a9 + 0?
45a9
In base 11, what is -1 + 8a041?
8a040
In base 16, what is 0 - 365b?
-365b
In base 11, what is -4 - -8136a?
81366
In base 7, what is 142 + 10233?
10405
In base 2, what is -1001101011011 - 10010?
-1001101101101
In base 13, what is -6 - abc0?
-abc6
In base 14, what is -bd17 + 2a?
-bccb
In base 7, what is -22 + -243014?
-243036
In base 6, what is 3 + -102532?
-102525
In base 13, what is 7c3 - 7?
7b9
In base 13, what is 5 + 1252a1?
1252a6
In base 13, what is -5a - -7a?
20
In base 11, what is 74783 - -6?
74789
In base 12, what is -815 - -49?
-788
In base 9, what is 1 - 103842?
-103841
In base 12, what is -2066 + -86?
-2130
In base 7, what is -6 - 111006?
-111015
In base 2, what is -101011100010001 - 10010?
-101011100100011
In base 9, what is -45616 + 1?
-45615
In base 3, what is -100211100 + 21001?
-100120022
In base 4, what is 220201 - -300?
221101
In base 10, what is -397 - 93?
-490
In base 3, what is 20122221101 + 12?
20122221120
In base 4, what is -2 + -23102122?
-23102130
In base 10, what is 2 - 8374?
-8372
In base 13, what is -5c + -5ba3?
-5c32
In base 4, what is 10201010 - -20?
10201030
In base 12, what is 20425 + -19?
20408
In base 14, what is -a285 - 4?
-a289
In base 12, what is -167 - 92?
-239
In base 15, what is -c2d + 11?
-c1c
In base 13, what is b9 + -bc?
-3
In base 6, what is 3230 - -303?
3533
In base 15, what is -9c8e - -5a?
-9c34
In base 3, what is 1202 + 202210?
211112
In base 14, what is -2 - -132d6d?
132d6b
In base 3, what is 1020000010 + -121?
1012222112
In base 2, what is -10011100001011110 - 0?
-10011100001011110
In base 7, what is 5 - -406155?
406163
In base 16, what is -20d - -67c?
46f
In base 15, what is -93db + -3?
-93de
In base 11, what is 15a4 + -42?
1562
In base 16, what is 52fc - -c4?
53c0
In base 6, what is -241 + -220?
-501
In base 16, what is 495 + -20c?
289
In base 4, what is -2330 - -122212?
113222
In base 3, what is -100110001122 + -2?
-100110001201
In base 3, what is -112010 - 100012?
-212022
In base 11, what is 21 + 604?
625
In base 9, what is 2 + -301650?
-301647
In base 2, what is 101 - 100100011001000?
-100100011000011
In base 5, what is 230043 + 110?
230203
In base 3, what is 0 - 1200022110?
-1200022110
In base 16, what is -4 + -113?
-117
In base 14, what is -38774 - 2?
-38776
In base 4, what is 1123 - -1102?
2231
In base 2, what is 10111111000101 + 110110?
10111111111011
In base 10, what is -2 + 185342?
185340
In base 9, what is 2 + 1170261?
1170263
In base 14, what is -80 - 2a35?
-2ab5
In base 7, what is 46 + 245?
324
In base 10, what is -23060 - -3?
-23057
In base 4, what is -12101121 + 11?
-12101110
In base 6, what is 30 - 14415?
-14345
In base 2, what is -10100111110 + -1101101?
-10110101011
In base 2, what is 10001011110010010 - 11?
10001011110001111
In base 7, what is 3 + 3405566?
3405602
In base 4, what is -11231 + 31333?
20102
In base 6, what is 3305 + -2325?
540
In base 6, what is -100022 - 1?
-100023
In base 11, what is 585 - -4a?
624
In base 9, what is -176 - -2473?
2286
In base 9, what is -4 + -24081?
-24085
In base 8, what is -1301654 - 0?
-1301654
In base 13, what is 26b26a + -5?
26b265
In base 5, what is 1040111 - 421?
1034140
In base 7, what is 1340645 + 4?
1340652
In base 15, what is -8 - 534a?
-5353
In base 2, what is -1 - 101110000111110?
-101110000111111
In base 2, what is 100010 - -10000111010?
10001011100
In base 12, what is -5 - -6378b7?
6378b2
In base 2, what is 101 + 1011000110101111?
1011000110110100
In base 16, what is 8429 + -8?
8421
In base 14, what is 5c74 - -3d?
5cb3
In base 10, what is 1131 - 1085?
46
In base 8, what is -705 - -64?
-621
In base 11, what is -174a + -883?
-2522
In base 2, what is -1111100110110 + -110?
-1111100111100
In base 3, what is 110 - -112100111?
112100221
In base 2, what is -10 + 11110011100111011?
11110011100111001
In base 13, what is -25 + ba8?
b83
In base 3, what is -12121112 + -220222?
-20112111
In base 6, what is 311335 + -2?
311333
In base 5, what is -440 - -12?
-423
In base 4, what is -103103112 + -133?
-103103311
In b